 1544?
1530
Calculate the remainder when 4097 is divided by 1367.
1363
Calculate the remainder when 440492 is divided by 1497.
374
What is the remainder when 11640393 is divided by 1790?
23
Calculate the remainder when 1451438 is divided by 725713.
12
Calculate the remainder when 1055184 is divided by 55.
9
What is the remainder when 188465 is divided by 739?
20
Calculate the remainder when 7903500 is divided by 359250.
0
Calculate the remainder when 5377267 is divided by 699.
559
Calculate the remainder when 1033598 is divided by 439.
192
Calculate the remainder when 3047938 is divided by 1148.
1146
What is the remainder when 541931 is divided by 576?
491
What is the remainder when 3046407 is divided by 17920?
7
What is the remainder when 90871034 is divided by 18174205?
9
What is the remainder when 92842 is divided by 22789?
1686
Calculate the remainder when 59330 is divided by 786.
380
What is the remainder when 2790012 is divided by 2038?
2028
What is the remainder when 102765327 is divided by 209298?
9
Calculate the remainder when 24057 is divided by 2812.
1561
Calculate the remainder when 37875440 is divided by 14941.
5
Calculate the remainder when 9461093 is divided by 97537.
4
Calculate the remainder when 256639585 is divided by 326.
323
Calculate the remainder when 70975 is divided by 327.
16
Calculate the remainder when 106270 is divided by 1483.
977
Calculate the remainder when 75466789 is divided by 7158.
7153
What is the remainder when 58860 is divided by 380?
340
What is the remainder when 143221 is divided by 152?
37
What is the remainder when 6734495 is divided by 40815?
20
Calculate the remainder when 3991098 is divided by 87.
60
What is the remainder when 388344 is divided by 194150?
44
What is the remainder when 64120 is divided by 21246?
382
Calculate the remainder when 3644120 is divided by 1075.
945
Calculate the remainder when 38777254 is divided by 329.
327
Calculate the remainder when 38959 is divided by 9386.
1415
What is the remainder when 6401495 is divided by 86?
85
Calculate the remainder when 7242137 is divided by 2266.
1
Calculate the remainder when 16065501 is divided by 16065500.
1
Calculate the remainder when 7654 is divided by 503.
109
What is the remainder when 310137 is divided by 5256?
33
What is the remainder when 12801527 is divided by 1601?
1532
Calculate the remainder when 520607 is divided by 643.
420
What is the remainder when 140110 is divided by 103?
30
Calculate the remainder when 486698 is divided by 620.
618
What is the remainder when 37477 is divided by 18486?
505
Calculate the remainder when 1625349 is divided by 384.
261
Calculate the remainder when 41103069 is divided by 58468.
65
What is the remainder when 123710 is divided by 12318?
530
Calculate the remainder when 1526759 is divided by 22781.
432
What is the remainder when 311754 is divided by 3710?
114
What is the remainder when 42067 is divided by 13665?
1072
Calculate the remainder when 59911572 is divided by 1130407.
1
What is the remainder when 3718907 is divided by 531272?
3
What is the remainder when 312547 is divided by 28385?
312
What is the remainder when 1162606 is divided by 52845?
16
What is the remainder when 21826047 is divided by 30?
27
What is the remainder when 5823991 is divided by 71020?
351
Calculate the remainder when 1360081 is divided by 17.
13
Calculate the remainder when 1625264 is divided by 92.
84
What is the remainder when 13949 is divided by 6775?
399
What is the remainder when 1305494 is divided by 11352?
14
Calculate the remainder when 287883 is divided by 558.
513
What is the remainder when 1347386 is divided by 199?
156
What is the remainder when 127323 is divided by 4244?
3
Calculate the remainder when 3133594 is divided by 447653.
23
What is the remainder when 19319741 is divided by 551992?
21
Calculate the remainder when 1943743 is divided by 1096.
535
Calculate the remainder when 19176 is divided by 6309.
249
Calculate the remainder when 47273148 is divided by 58.
16
Calculate the remainder when 3775 is divided by 50.
25
Calculate the remainder when 11339110 is divided by 529.
524
Calculate the remainder when 1555038 is divided by 2709.
72
What is the remainder when 3283125 is divided by 1641551?
23
What is the remainder when 89097706 is divided by 26?
22
Calculate the remainder when 4767612 is divided by 1588988.
648
What is the remainder when 140148733 is divided by 22?
21
Calculate the remainder when 257198434 is divided by 3278.
3276
Calculate the remainder when 464353 is divided by 58040.
33
Calculate the remainder when 1386791 is divided by 1075.
41
What is the remainder when 234062 is divided by 5567?
248
Calculate the remainder when 102511562 is divided by 25627882.
34
What is the remainder when 8392198 is divided by 1398693?
40
Calculate the remainder when 4195536 is divided by 1340.
1336
Calculate the remainder when 2895654 is divided by 1373.
1370
What is the remainder when 49214 is divided by 24607?
0
Calculate the remainder when 5895062 is divided by 66.
8
What is the remainder when 300001 is divided by 74?
5
Calculate the remainder when 5508820 is divided by 39.
31
Calculate the remainder when 3981 is divided by 3977.
4
Calculate the remainder when 612 is divided by 92.
60
What is the remainder when 25974 is divided by 4798?
1984
Calculate the remainder when 89608 is divided by 3321.
3262
What is the remainder when 409492 is divided by 2497?
2481
Calculate the remainder when 429821 is divided by 2014.
839
Calculate the remainder when 3489475 is divided by 158610.
55
What is the remainder when 21553385 is divided by 1657952?
9
What is the remainder when 29033 is divided by 5360?
2233
What is the remainder when 176065 is divided by 2413?
2329
What is the remainder when 300617 is divided by 130?
57
What is the remainder when 393256 is divided by 2870?
66
What is the remainder when 298237 is divided by 474?
91
Calculate the remainder when 22828450 is divided by 1257.
73
Calculate the remainder when 579362 is divided by 949.
472
What is the remainder when 12104377 is divided by 3916?
21
What is the remainder when 3824878 is divided by 254991?
13
What is the remainder when 8031993 is divided by 12415?
11903
What is the remainder when 37330 is divided by 5772?
2698
Calculate the remainder when 17814901 is divided by 10706.
117
What is the remainder when 185850 is divided by 30358?
3702
What is the remainder when 7710441 is divided by 255?
6
Calculate the remainder when 179914 is divided by 3212.
42
What is the remainder when 215857378 is divided by 9708?
9706
What is the remainder when 62098 is divided by 1002?
976
What is the remainder when 365550 is divided by 647?
642
Calculate the remainder when 2009268 is divided by 1365.
1353
What is the remainder when 128102693 is divided by 1295?
1293
What is the remainder when 120069 is divided by 8566?
145
What is the remainder when 94755925 is divided by 443?
440
Calculate the remainder when 2118014 is divided by 1059002.
10
Calculate the remainder when 9096054 is divided by 205.
204
What is the remainder when 4172845 is divided by 84?
61
Calculate the remainder when 1949280 is divided by 886.
80
Calculate the remainder when 56160358 is divided by 168.
142
What is the remainder when 522738 is divided by 217?
202
What is the remainder when 2207061 is divided by 84885?
51
What is the remainder when 986777 is divided by 54820?
17
Calculate the remainder when 1758444 is divided by 3375.
69
What is the remainder when 95831 is divided by 31289?
1964
What is the remainder when 569830 is divided by 20?
10
Calculate the remainder when 262510 is divided by 6730.
40
What is the remainder when 189547670 is divided by 47386914?
14
Calculate the remainder when 2679 is divided by 187.
61
Calculate the remainder when 1489538 is divided by 3456.
2
Calculate the remainder when 38039158 is divided by 19144.
30
Calculate the remainder when 205547 is divided by 68510.
17
Calculate the remainder when 9625055 is divided by 482.
479
Calculate the remainder when 181165610 is divided by 16.
10
Calculate the remainder when 1184015 is divided by 1144.
1119
Calculate the remainder when 226417 is divided by 603.
292
Calculate the remainder when 197607463 is divided by 47049